{"id":5958,"date":"2021-11-26T15:17:57","date_gmt":"2021-11-26T15:17:57","guid":{"rendered":"https:\/\/lidiaecojoias.com\/?post_type=product&#038;p=5958"},"modified":"2021-11-26T15:17:57","modified_gmt":"2021-11-26T15:17:57","slug":"colar-acai","status":"publish","type":"product","link":"https:\/\/lidiaecojoias.com\/?product=colar-acai","title":{"rendered":"Colar A\u00e7a\u00ed"},"content":{"rendered":"<p>Colar longo com sementes de a\u00e7a\u00ed, ligadas ao elemento \u00e1gua, que gere as emo\u00e7\u00f5es; discos em casca de c\u00f4co e sementes de santa B\u00e1rbara.<\/p>\n<p>Dispon\u00edvel por encomenda em qualquer cor de a\u00e7a\u00ed.<\/p>\n","protected":false},"excerpt":{"rendered":"<p>Colar longo com sementes de a\u00e7a\u00ed, ligadas ao elemento \u00e1gua, que gere as emo\u00e7\u00f5es; discos em casca de c\u00f4co e sementes de santa B\u00e1rbara. Dispon\u00edvel por encomenda em qualquer cor de a\u00e7a\u00ed.<\/p>\n","protected":false},"featured_media":5830,"comment_status":"open","ping_status":"closed","template":"","meta":{"_mi_skip_tracking":false,"spay_email":""},"product_cat":[231,232],"product_tag":[254,296,256,268],"class_list":{"0":"post-5958","1":"product","2":"type-product","3":"status-publish","4":"has-post-thumbnail","6":"product_cat-bijuteria-com-sementes","7":"product_cat-colares-bijuteria-com-sementes","8":"product_tag-acai","9":"product_tag-coco","10":"product_tag-colar-com-sementes","11":"product_tag-sementes-de-santa-barbara","12":"description-off","14":"first","15":"instock","16":"shipping-taxable","17":"purchasable","18":"product-type-simple"},"_links":{"self":[{"href":"https:\/\/lidiaecojoias.com\/index.php?rest_route=\/wp\/v2\/product\/5958","targetHints":{"allow":["GET"]}}],"collection":[{"href":"https:\/\/lidiaecojoias.com\/index.php?rest_route=\/wp\/v2\/product"}],"about":[{"href":"https:\/\/lidiaecojoias.com\/index.php?rest_route=\/wp\/v2\/types\/product"}],"replies":[{"embeddable":true,"href":"https:\/\/lidiaecojoias.com\/index.php?rest_route=%2Fwp%2Fv2%2Fcomments&post=5958"}],"version-history":[{"count":1,"href":"https:\/\/lidiaecojoias.com\/index.php?rest_route=\/wp\/v2\/product\/5958\/revisions"}],"predecessor-version":[{"id":5959,"href":"https:\/\/lidiaecojoias.com\/index.php?rest_route=\/wp\/v2\/product\/5958\/revisions\/5959"}],"wp:featuredmedia":[{"embeddable":true,"href":"https:\/\/lidiaecojoias.com\/index.php?rest_route=\/wp\/v2\/media\/5830"}],"wp:attachment":[{"href":"https:\/\/lidiaecojoias.com\/index.php?rest_route=%2Fwp%2Fv2%2Fmedia&parent=5958"}],"wp:term":[{"taxonomy":"product_cat","embeddable":true,"href":"https:\/\/lidiaecojoias.com\/index.php?rest_route=%2Fwp%2Fv2%2Fproduct_cat&post=5958"},{"taxonomy":"product_tag","embeddable":true,"href":"https:\/\/lidiaecojoias.com\/index.php?rest_route=%2Fwp%2Fv2%2Fproduct_tag&post=5958"}],"curies":[{"name":"wp","href":"https:\/\/api.w.org\/{rel}","templated":true}]}}