{"id":5300,"date":"2021-11-18T17:53:18","date_gmt":"2021-11-18T17:53:18","guid":{"rendered":"https:\/\/lidiaecojoias.com\/?post_type=product&#038;p=5300"},"modified":"2021-11-24T20:48:09","modified_gmt":"2021-11-24T20:48:09","slug":"pulseira-em-unakite","status":"publish","type":"product","link":"https:\/\/lidiaecojoias.com\/?product=pulseira-em-unakite","title":{"rendered":"Pulseira em Unakite"},"content":{"rendered":"<div dir=\"auto\">\n<p>A unakite \u00e9 uma pedra que nos ajuda a trabalhar de dentro para fora e a encontrar a nossa paz interior.<\/p>\n<p>A unakite proporciona equil\u00edbrio entre o corpo emocional e o espiritual. Est\u00e1 ligada ao primeiro e ao sexto chakras, por um lado ajuda-nos a estabelecer a liga\u00e7\u00e3o \u00e0 terra e as nossas ra\u00edzes, por outro, ajuda-nos a trabalhar a terceira vis\u00e3o.<\/p>\n<p>A unakite transmite uma energia de tranquilidade e traz \u00e0 mente consciente as causas dos bloqueios que nos impedem de crescer a n\u00edvel psicol\u00f3gico e espiritual.<\/p>\n<p>A n\u00edvel f\u00edsico est\u00e1 ligada ao sistema reprodutivo pelo que promove uma gravidez saud\u00e1vel.<\/p>\n<p>Signos: Aqu\u00e1rio<br \/>\nProtege os viajantes, os mission\u00e1rios e os militares em miss\u00e3o.<\/p>\n<\/div>\n<div dir=\"auto\"><\/div>\n<div dir=\"auto\">Pulseira em unakite em fio el\u00e1stico feita \u00e0 medida.<\/div>\n<div dir=\"auto\">Ao encomendar seleccione por favor a medida pretendida.<\/div>\n<div dir=\"auto\">Para outras medidas indique por favor nos coment\u00e1rios da sua encomenda.<\/div>\n<div dir=\"auto\"><\/div>\n<div dir=\"auto\">Oferta de portes em correio verde simples para este artigo.<\/div>\n","protected":false},"excerpt":{"rendered":"<p>A unakite \u00e9 uma pedra que nos ajuda a trabalhar de dentro para fora e a encontrar a nossa paz interior. A unakite proporciona equil\u00edbrio entre o corpo emocional e o espiritual. Est\u00e1 ligada ao primeiro e ao sexto chakras, por um lado ajuda-nos a estabelecer a liga\u00e7\u00e3o \u00e0 terra e as nossas ra\u00edzes, por&hellip;<\/p>\n","protected":false},"featured_media":5278,"comment_status":"open","ping_status":"closed","template":"","meta":{"_mi_skip_tracking":false,"spay_email":""},"product_cat":[227,229],"product_tag":[258,259,303],"class_list":{"0":"post-5300","1":"product","2":"type-product","3":"status-publish","4":"has-post-thumbnail","6":"product_cat-bijuteria-com-cristais","7":"product_cat-pulseiras-terapeuticas","8":"product_tag-pulseira","9":"product_tag-pulseira-de-cristais","10":"product_tag-unakite","11":"description-off","13":"first","14":"instock","15":"shipping-taxable","16":"purchasable","17":"product-type-variable","18":"has-default-attributes"},"_links":{"self":[{"href":"https:\/\/lidiaecojoias.com\/index.php?rest_route=\/wp\/v2\/product\/5300","targetHints":{"allow":["GET"]}}],"collection":[{"href":"https:\/\/lidiaecojoias.com\/index.php?rest_route=\/wp\/v2\/product"}],"about":[{"href":"https:\/\/lidiaecojoias.com\/index.php?rest_route=\/wp\/v2\/types\/product"}],"replies":[{"embeddable":true,"href":"https:\/\/lidiaecojoias.com\/index.php?rest_route=%2Fwp%2Fv2%2Fcomments&post=5300"}],"version-history":[{"count":2,"href":"https:\/\/lidiaecojoias.com\/index.php?rest_route=\/wp\/v2\/product\/5300\/revisions"}],"predecessor-version":[{"id":5655,"href":"https:\/\/lidiaecojoias.com\/index.php?rest_route=\/wp\/v2\/product\/5300\/revisions\/5655"}],"wp:featuredmedia":[{"embeddable":true,"href":"https:\/\/lidiaecojoias.com\/index.php?rest_route=\/wp\/v2\/media\/5278"}],"wp:attachment":[{"href":"https:\/\/lidiaecojoias.com\/index.php?rest_route=%2Fwp%2Fv2%2Fmedia&parent=5300"}],"wp:term":[{"taxonomy":"product_cat","embeddable":true,"href":"https:\/\/lidiaecojoias.com\/index.php?rest_route=%2Fwp%2Fv2%2Fproduct_cat&post=5300"},{"taxonomy":"product_tag","embeddable":true,"href":"https:\/\/lidiaecojoias.com\/index.php?rest_route=%2Fwp%2Fv2%2Fproduct_tag&post=5300"}],"curies":[{"name":"wp","href":"https:\/\/api.w.org\/{rel}","templated":true}]}}