{"id":5158,"date":"2021-11-17T12:55:13","date_gmt":"2021-11-17T12:55:13","guid":{"rendered":"https:\/\/lidiaecojoias.com\/?post_type=product&#038;p=5158"},"modified":"2021-11-17T12:55:13","modified_gmt":"2021-11-17T12:55:13","slug":"bambu-canudos","status":"publish","type":"product","link":"https:\/\/lidiaecojoias.com\/?product=bambu-canudos","title":{"rendered":"Bambu &#8211; canudos"},"content":{"rendered":"<p>Canudos de bambu natural com cerca de 1,5 cm a 2 cm de altura. Furo com cerca de 8 mm.<\/p>\n<p>Por se tratar de um produto natural e artesanal poder\u00e3o existir ligeiras diferen\u00e7as entre as medidas apresentadas e o artigo que receber.<\/p>\n<p>Dispon\u00edveis em embalagens com 10 pe\u00e7as.<\/p>\n","protected":false},"excerpt":{"rendered":"<p>Canudos de bambu natural com cerca de 1,5 cm a 2 cm de altura. Furo com cerca de 8 mm. Por se tratar de um produto natural e artesanal poder\u00e3o existir ligeiras diferen\u00e7as entre as medidas apresentadas e o artigo que receber. Dispon\u00edveis em embalagens com 10 pe\u00e7as.<\/p>\n","protected":false},"featured_media":5159,"comment_status":"open","ping_status":"closed","template":"","meta":{"_mi_skip_tracking":false,"spay_email":""},"product_cat":[244],"product_tag":[277,278,273,276],"class_list":{"0":"post-5158","1":"product","2":"type-product","3":"status-publish","4":"has-post-thumbnail","6":"product_cat-madeiras","7":"product_tag-bambu","8":"product_tag-madeiras","9":"product_tag-material-para-artesanato","10":"product_tag-material-para-bijuteria","11":"description-off","13":"first","14":"instock","15":"shipping-taxable","16":"purchasable","17":"product-type-simple"},"_links":{"self":[{"href":"https:\/\/lidiaecojoias.com\/index.php?rest_route=\/wp\/v2\/product\/5158","targetHints":{"allow":["GET"]}}],"collection":[{"href":"https:\/\/lidiaecojoias.com\/index.php?rest_route=\/wp\/v2\/product"}],"about":[{"href":"https:\/\/lidiaecojoias.com\/index.php?rest_route=\/wp\/v2\/types\/product"}],"replies":[{"embeddable":true,"href":"https:\/\/lidiaecojoias.com\/index.php?rest_route=%2Fwp%2Fv2%2Fcomments&post=5158"}],"version-history":[{"count":1,"href":"https:\/\/lidiaecojoias.com\/index.php?rest_route=\/wp\/v2\/product\/5158\/revisions"}],"predecessor-version":[{"id":5160,"href":"https:\/\/lidiaecojoias.com\/index.php?rest_route=\/wp\/v2\/product\/5158\/revisions\/5160"}],"wp:featuredmedia":[{"embeddable":true,"href":"https:\/\/lidiaecojoias.com\/index.php?rest_route=\/wp\/v2\/media\/5159"}],"wp:attachment":[{"href":"https:\/\/lidiaecojoias.com\/index.php?rest_route=%2Fwp%2Fv2%2Fmedia&parent=5158"}],"wp:term":[{"taxonomy":"product_cat","embeddable":true,"href":"https:\/\/lidiaecojoias.com\/index.php?rest_route=%2Fwp%2Fv2%2Fproduct_cat&post=5158"},{"taxonomy":"product_tag","embeddable":true,"href":"https:\/\/lidiaecojoias.com\/index.php?rest_route=%2Fwp%2Fv2%2Fproduct_tag&post=5158"}],"curies":[{"name":"wp","href":"https:\/\/api.w.org\/{rel}","templated":true}]}}